t the prime factors of n.
5
Let a = -13 - -31. What are the prime factors of a?
2, 3
Suppose 5*p - 2*y - 268 = -5*y, -5*p - 4*y = -269. List the prime factors of p.
53
What are the prime factors of 0 + (-1 - -2)*12?
2, 3
Suppose -2*c + 27 = a + 3*c, -5*a + 3*c = 5. Suppose a*k - 4 = 38. List the prime factors of k.
3, 7
Let z be -1*15*(-6)/10. Let a(v) = -2*v**2 + 3 + 3*v**2 + 4*v**2 - 4*v**2 - 8*v. What are the prime factors of a(z)?
2, 3
Let i(c) = 2*c**2 + c - 7. Let d(n) = 5*n**2 + 3*n - 20. Let x(t) = -4*d(t) + 11*i(t). What are the prime factors of x(-3)?
2, 3
Suppose 3*m = -15, 3*s + 3*m - 13 = -m. What are the prime factors of s?
11
Let s(t) = t**3 + 9*t**2 - 12*t + 3. List the prime factors of s(-10).
23
Let j(q) = q**3 + 3*q**2 - q - 1. Let h be j(2). Suppose 4*l = t + 8, -69 + h = -4*t - 5*l. List the prime factors of t.
2
Suppose -4 + 11 = 3*r - a, -4*r = 3*a - 18. Suppose -b + 5 = r. Suppose -b*o = -9 - 9. List the prime factors of o.
3
Let r(v) = -2*v - 4. Let y(s) = s**3 - 6*s**2 + s - 6. Let n be y(6). Let h be 4/8*(-14 + n). List the prime factors of r(h).
2, 5
Let p = 6 + -3. Let y(j) = -4 + 0*j**p + 2*j**2 - 2*j + 4*j**2 - j**3. What are the prime factors of y(5)?
11
Suppose -5*h + 4 = -3*h. Let t = 8 - h. List the prime factors of t.
2, 3
Let n = 283 + -158. List the prime factors of n.
5
What are the prime factors of 570/(-9)*4/(8/(-9))?
3, 5, 19
Let n = 406 + -242. What are the prime factors of n?
2, 41
Let j(q) = q - 1. Let h be j(3). Let v = h - 0. What are the prime factors of (v - -1) + 5 + -3?
5
What are the prime factors of 6/9*-6*-1?
2
Suppose 2*w + g = 6*g + 45, 2*w + 2*g - 66 = 0. List the prime factors of w.
2, 3, 5
Let d(s) = -14*s**3 - s**2 - 3*s - 8. List the prime factors of d(-2).
2, 53
Suppose -1 + 4 = r. Suppose 6 + 36 = r*v. What are the prime factors of v?
2, 7
Let b = 103 - -9. Suppose -z = -d - 71, -2*z + b = 2*d + 2*d. Suppose -62 = -3*h - h - 3*l, 4*h = -l + z. What are the prime factors of h?
17
Let t(h) be the first derivative of -2*h**2 + 5*h + 1. Let i be t(-6). Let q = i - 20. What are the prime factors of q?
3
Suppose -3*q = -4*q. Suppose -55 = -5*g + 3*c + 17, q = g + 3*c. What are the prime factors of g?
2, 3
Suppose -2*b + 2*o - 7*o + 95 = 0, -5*o + 130 = 3*b. Suppose b = x + 2. Suppose -4*n + w = -15 - x, -n = 3*w - 12. What are the prime factors of n?
2, 3
Let h be ((1 + -1)*-1)/1. Suppose -r = a + 2*r - 18, -2*a - 2*r + 44 = h. Suppose 0 = x - 4*s + 6 - 33, -2*s - a = -2*x. What are the prime factors of x?
7
Let i be ((-4)/(-8))/((-1)/12). Let w = i - 0. Let f(x) = x**3 + 7*x**2 + 5*x. List the prime factors of f(w).
2, 3
Let f be (-2)/(-9) - 47/9. What are the prime factors of 44/10 - (-2)/f?
2
Let j(m) = m**3 - 10*m**2 + 6*m - 12. List the prime factors of j(10).
2, 3
Let f(j) = 5*j**2 - 44*j + 25. Let z(w) = w**2 - 9*w + 5. Let g(i) = 2*f(i) - 11*z(i). What are the prime factors of g(6)?
5
Let i = 190 + -102. What are the prime factors of (-4)/(-6) - i/(-12)?
2
Let j be (1 + 0)*4*1. Suppose -2*b = n + 1 - 4, -n + j*b + 33 = 0. What are the prime factors of n?
13
Let x(s) = 11*s**2 + 9 - 9*s + s**3 - 2*s**2 - 2*s**3. Let r be x(8). List the prime factors of r*-4*7/(-4).
7
Suppose 4 = -4*m + 20. Suppose h = -m*n + 10, 8 = -3*h - h. What are the prime factors of n?
3
Suppose -225 = 2*f - 5*f. Let w = -49 + f. List the prime factors of w.
2, 13
Let j(p) = -p**3 - 6*p**2 - 5*p + 3. Let d be j(-5). Suppose d*y - 31 = -13. What are the prime factors of y?
2, 3
Let z(g) be the first derivative of -g**2/2 - 2*g - 2. What are the prime factors of z(-8)?
2, 3
Let f be (2 - 3)/((-3)/9). Suppose -2 = -f*o - 8. Let d(w) = 5*w**2 + 2*w - 1. List the prime factors of d(o).
3, 5
Let b = -14 - -61. What are the prime factors of b?
47
Let u be (-2)/((2/(-13))/1). What are the prime factors of u - -2*2/4?
2, 7
Let b(l) = l**2 + 4*l - 5. Let p be b(-5). Suppose -2*f + 26 = -6*h + h, p = -4*f + h + 16. List the prime factors of f.
3
Let p be 6/15 + 23/5. Suppose -p = -3*q - 4*r + 34, -13 = -q + 2*r. Let x = 0 + q. List the prime factors of x.
13
Suppose -2*r - 1 + 17 = 0. Let h = r + 1. List the prime factors of h.
3
Let p(r) = -r**3 + 10*r**2 + 14*r. List the prime factors of p(11).
3, 11
Let q = -5 + 2. Let w(j) = j**2 + 4*j + 6. Let i(a) = -a**2 - a - 1. Let n(t) = -2*i(t) - w(t). List the prime factors of n(q).
11
Suppose 5*f - 112 = f - 4*a, 3*f = -2*a + 79. Let x = f + 7. List the prime factors of x.
2, 3, 5
Let h(p) = p**3 + 6*p**2 - 10*p - 10. What are the prime factors of h(-7)?
11
Suppose -a = -2*y, 0 = 4*a + 4*y - 22 - 14. Let u = -4 + a. List the prime factors of u.
2
Suppose 4*v - 19 + 63 = 0. Let t = 26 - v. Suppose 5*w = -4*j + t, -3*j - 8 + 2 = 0. What are the prime factors of w?
3
Suppose 0*o - 3*x = -5*o - 60, 3*o = -3*x - 36. Let f = o + 17. Suppose f + 30 = 5*w. What are the prime factors of w?
7
Let a(u) = -u**3 - 7*u**2 - u - 10. Let c be a(-7). What are the prime factors of (-4)/(-6) + (-34)/c?
2, 3
Suppose -4*n = 4*q - 116, -n - 3*q + 9 = -24. What are the prime factors of n?
3
Let b be 4/12 + 71/3. Suppose 0*z - 3*z - 36 = 0. Let k = b + z. List the prime factors of k.
2, 3
Let t = -43 + 66. List the prime factors of t.
23
Let n(o) = 6*o - 20. Let t(z) = 2*z - 7. Let b(g) = -4*n(g) + 11*t(g). What are the prime factors of b(-6)?
3, 5
Suppose 69*r - 72*r = -663. What are the prime factors of r?
13, 17
Suppose -10 = 4*a - 42. Suppose -l - 3*l - 12 = u, 4*l = -2*u - a. Let o = 7 - u. List the prime factors of o.
3
Suppose -3*a + a = -72. List the prime factors of a.
2, 3
Let u be (-25)/5 + (-1 - -2). Let h(x) = x**2 + 4*x + 2. Let c be h(u). Let s = c + 2. What are the prime factors of s?
2
Let b = 6 - -39. What are the prime factors of b?
3, 5
Let d(h) = 3*h - 12. Let q be d(5). Suppose 142 = q*c - f - 0*f, 3*f + 242 = 5*c. List the prime factors of c.
2, 23
Let d(f) = -5*f - 1 - 1 + 2*f**3 - f**3 - 5*f**2. Let k be d(6). Suppose 0 = k*v + 5 - 53. List the prime factors of v.
2, 3
Suppose 0*n - n = -5. Let h = n - 3. List the prime factors of h.
2
Suppose 0 = -4*p - 41 + 145. What are the prime factors of p?
2, 13
Suppose -s + 129 = 2*s. Suppose 0 = -4*t - 5*q + s, -2*t = 2*q + 8 - 32. What are the prime factors of t?
17
What are the prime factors of 12*9*1/12?
3
Suppose t = -3*t + 12. Suppose 0 = -t*f + 4 + 65. List the prime factors of f.
23
Suppose g - 5*q = -7, -3*g - 3*q + 12 + 21 = 0. List the prime factors of (-6)/4*g/(-6).
2
Suppose -5*i - 9 - 1 = 0, 4*z - 2*i - 500 = 0. List the prime factors of z.
2, 31
Let a(g) = -19*g. What are the prime factors of a(-8)?
2, 19
Let d(r) be the first derivative of r**3/3 + 9*r**2/2 - 4. Let v be d(-4). What are the prime factors of (-32)/v*(-10)/(-4)?
2
Suppose -q + 3*u = 35, 4*q + q + 2*u = -90. Let v be (72/(-10))/(6/q). Suppose -v = 4*a - 6*a. List the prime factors of a.
2, 3
Let q(w) = -w**3 + 2*w - 1. Let j be q(1). Let r = j - -12. List the prime factors of r.
2, 3
Let o be 0/1 - (2 - 2). Suppose o*u = -u + 10. List the prime factors of u.
2, 5
Let j(z) = 17*z**2 + 1. Let o(l) = -l - 3*l - 9 + 3*l - 1. Let u be o(-9). What are the prime factors of j(u)?
2, 3
Let v = 67 + -44. What are the prime factors of v?
23
Let t be (11 - -1)*(4 + -5). What are the prime factors of ((-1)/(-2))/((-1)/t)?
2, 3
Suppose 6*m - 2*n - 18 = 2*m, 3*m + 2*n = -4. Suppose -2*k - m*g = -72, 0 = 5*k + g + 54 - 254. List the prime factors of k.
41
Let r(h) = h**2 - 4*h + 5. Suppose 2*o + 0*a - 3*a = 15, -3*a = 3*o. Suppose o*k - k = 10. What are the prime factors of r(k)?
2, 5
Suppose -131 = -5*p - t, -p - 5*t = p - 57. What are the prime factors of p?
2, 13
What are the prime factors of (630/(-40))/((-2)/8)?
3, 7
List the prime factors of (-2)/(-1) - (-11 - 0).
13
Suppose k = v + v - 33, -3*k = 2*v - 13. List the prime factors of v.
2, 7
Let j = -12 - -8. Let f be (-4)/j*(-2 - -3). List the prime factors of f + 0 - -13 - 0.
2, 7
Suppose 4*p - 328 = 5*c - 106, -3*c = -4*p + 226. What are the prime factors of p?
2, 29
Suppose 4*s + 16 = 4*o, 3 + 1 = -4*s - 2*o. Let h be 2*(-3)/s*1. Suppose -z + 5*t = -20 - 9, 0 = -h*z + t + 31. What are the prime factors of z?
3
Let f = 53 + -6. List the prime factors of f.
47
Let k = 6 + -12. Let z(q) = q**2 + 3*q + 2. L